by 2 - (26*s + -2).
29
Let x(i) = -i**2 - 11*i - 8. Let u(w) = -6*w + 3. Suppose -5*f - j = -7, 2*j + 2 + 2 = -f. Let a be u(f). What is the remainder when x(a) is divided by 4?
2
Let z(k) = 4*k + 7. Calculate the remainder when z(4) is divided by 6.
5
Let j(v) = 2*v**3 - 13*v**2 - 5*v - 7. Let g(n) = 3*n**3 - 25*n**2 - 11*n - 14. Let f(r) = -3*g(r) + 5*j(r). Calculate the remainder when f(-9) is divided by 9.
7
Let l(x) = 5*x**2 + x - 2. Calculate the remainder when 5 is divided by l(1).
1
Let z(v) = 4*v**2 - 10*v - 5 + v**3 + 2*v**2 + 3*v**2. Let u be z(-10). Let l = 14 - u. Calculate the remainder when 36 is divided by l.
17
Let b be 1/(1/(-3)) + 8. Suppose 0 = b*t - 2*v, 0*v = -t + 2*v. Suppose -2*c + 1 + 3 = t. Calculate the remainder when 2 is divided by c.
0
Suppose 0 = 3*x - 7*x + 24. Calculate the remainder when 35 is divided by x.
5
Let v = 9 + -6. Suppose v*g + 2*g - 85 = 0. Suppose -4*m + 36 = -3*p, -3*m - 4*p + 30 = -7*p. What is the remainder when g is divided by m?
5
Suppose 2*d = 3*x - 30, 0 = -0*x + 4*x + 3*d - 57. Suppose 0 = u + 42 - x. What is the remainder when 41 is divided by 73/5 + 18/u?
13
Suppose -98 = -5*d - 4*x, 10 - 18 = -d + 5*x. What is the remainder when 53 is divided by d?
17
Let f = -3 + 16. What is the remainder when 38 is divided by f?
12
Let m = 100 + -80. Calculate the remainder when m is divided by 10.
0
Suppose -2*b + 31 - 7 = 4*q, -3*q = -3*b - 9. Suppose -21 = g - b*g. What is the remainder when g is divided by 11?
10
Suppose -2*l + 98 = -94. Suppose -2*j = j - l. What is the remainder when j is divided by 11?
10
Let z = -50 + 77. Calculate the remainder when z is divided by 2*3/(9/21).
13
Let i(u) = -3*u - 1. Calculate the remainder when 54 is divided by i(-5).
12
Let a = 754 + -421. Calculate the remainder when a/15 + (-1)/5 is divided by 12.
10
Suppose 4*c - 3 - 17 = 0. Suppose -c*u = 2 - 67. Calculate the remainder when 38 is divided by u.
12
Suppose -3*f + 4*f - 3 = 0. Calculate the remainder when (-1)/(1*2/(-8)) is divided by (f/(-6) + 2)*2.
1
Let b(g) = -g + 1. Let r be 3*(3 - (-86)/6). Suppose 5*i + 2*y = -r, 4*y = 4*i + y + 37. What is the remainder when b(i) is divided by 6?
5
Suppose -3*z - 2 = -5. Calculate the remainder when 4 is divided by z.
0
Suppose -8*v = 4*v - 12. Let z(s) = 3*s + 6*s + 1 - s**2 - 4*s. What is the remainder when z(5) is divided by v?
0
Let a be (-2 - (-2 + 2))*194. What is the remainder when (-3)/(-5) - a/20 is divided by 7?
6
Let c be (-1)/5 - (-26)/5. Suppose 0 = w - c + 2. Let l(j) = j**2 - 3*j + 1. What is the remainder when 3 is divided by l(w)?
0
Let h(q) = 3*q. Calculate the remainder when 59 is divided by h(5).
14
Let s = -8 + 22. Suppose -2*y + 219 = y. Let o = 113 - y. What is the remainder when o is divided by s?
12
Suppose -4*y - 214 = -5*n, y = 3*n - 0*n - 127. Let c(u) = 2*u**2 - u - 4. Calculate the remainder when n is divided by c(3).
9
Let q(s) = -s**3 + 8*s**2 - 2*s - 4. Calculate the remainder when q(7) is divided by 11.
9
Suppose 0 = 2*x - 4, 0 = 5*v - 4*x - 122. What is the remainder when 50 is divided by v?
24
Calculate the remainder when 5/((-15)/(-48)) + -2 is divided by 8.
6
Let x(y) = -y**3 + y**2 + 2. Let k be x(0). Suppose -k*i - 24 = -160. Calculate the remainder when i is divided by 10.
8
Let u = 8 + 8. Suppose 5*s - 11 = -4*m + 6*s, 0 = m - 2*s + 6. Suppose d + u = 3*x, m*x + 0*d = -3*d + 43. What is the remainder when 19 is divided by x?
5
Let z(q) = q**2 + 13*q + 6. Let p be z(-13). Let i(g) = 6*g - 1. Calculate the remainder when i(p) is divided by 18.
17
Suppose 0 = -2*h - 3*k - 20, -7*h - 3*k = -3*h + 28. Let a(q) = -q**3 + 8*q**2 - 8*q - 2. Calculate the remainder when h/(-10) + 426/10 is divided by a(6).
21
What is the remainder when 3*(-4)/12*-58 is divided by 30?
28
Let z = 173 - 152. What is the remainder when z is divided by (2 - 1)/((-3)/(-36))?
9
Let r = 14 - 1. Calculate the remainder when r is divided by 7.
6
Suppose 3*y + 57 = 6*y. Calculate the remainder when y is divided by 11.
8
Let n be 1/(0 - (-4)/12). Suppose -3*z = 0, 7*z = -n*o + 2*z + 159. What is the remainder when o is divided by 14?
11
Let d = -29 - -38. What is the remainder when 53 is divided by d?
8
Suppose f = 5*h - 0*h - 190, -3*h = 4*f - 91. Let v = 16 + -3. What is the remainder when h is divided by v?
11
Calculate the remainder when (0 + -2 + (-11)/(-5))*65 is divided by 9.
4
Suppose 168 = 5*i - 62. What is the remainder when i is divided by 16?
14
Let l(p) = -3*p - 1. Let s be l(-1). Calculate the remainder when 87 is divided by ((-4)/(-5))/(s/55).
21
Let y = -11 + 9. Calculate the remainder when 30 is divided by y/10 - 392/(-35).
8
Suppose -w = 3*u - 2*u - 22, -3*u + 38 = -4*w. Let n = u + -2. Calculate the remainder when 29 is divided by n.
13
Let a = 12 - -31. What is the remainder when a is divided by 22?
21
Suppose -2*u + 0*t - t = -18, 2*u = -3*t + 14. Suppose -l = 3*z + 9, 5*l = -3*z + 11 + 4. Calculate the remainder when u is divided by l.
4
Suppose 4*t = m - 1, 0*m + 4*m + 2*t - 58 = 0. Let g = 19 - m. What is the remainder when -3 + 78/9*g is divided by 13?
10
Let p(d) = d**3 + 3*d**2 - 2*d - 5. Let w be p(-4). Let r = 33 + w. Calculate the remainder when r is divided by 1 + 5/((-5)/(-6)).
6
Suppose d - 22 = -3*p, -7*d + 18 = 2*p - 3*d. Let n(y) = y**3 - y**2 + 20. Calculate the remainder when n(0) is divided by p.
6
Suppose 2*r - 10 - 14 = 0. Let w = 9 - 4. Suppose -2*g = o - 14 - 14, -5*g + 125 = w*o. Calculate the remainder when o is divided by r.
10
Suppose 4*m - 17 = 3. Suppose -5*n + 110 = m*c, -2*c + 23 = n - 4. What is the remainder when 48 is divided by n?
14
Let p be (6/2)/(5/295). Let b = p - 124. Calculate the remainder when b is divided by 14.
11
Let v = 345 - 89. Calculate the remainder when v is divided by 52.
48
Let a(s) = -s**2 - 5*s + 4. What is the remainder when a(-5) is divided by 3?
1
Let v = -394 + 658. Suppose -v = -5*s - 104. Suppose -2*n + n + 5*b + 32 = 0, 2*n + 4*b - 22 = 0. What is the remainder when s is divided by n?
15
Let p(r) = -r**3 + 10*r**2 + 10*r + 21. What is the remainder when 55 is divided by p(11)?
5
Let u(l) = -l**3 - 11*l**2 + 5. Let d be u(-11). Suppose 2*t + 3*t - 5*y - 70 = 0, t + d*y = 32. What is the remainder when 50 is divided by t?
16
Suppose -5*n = -20, -5*n = -3*k + 60 + 4. Suppose 0 = -s - 2*g + 16, 0*s - s = -3*g - 1. What is the remainder when k is divided by s?
8
Let i = 5 + 17. Suppose 8*x - 3*x - 325 = -5*g, 0 = 2*g - 2*x - 130. What is the remainder when g is divided by i?
21
Let r = 2 + 26. Calculate the remainder when 80 is divided by r.
24
Suppose 3*v - 8 = -4*l, 0 = 3*l + v - 5*v - 31. Calculate the remainder when 8 is divided by l.
3
Let q(l) be the third derivative of 7/12*l**4 + 0 + 1/3*l**3 + 1/6*l**5 - 1/120*l**6 + 0*l - 4*l**2. What is the remainder when q(11) is divided by 9?
8
Suppose -5*l = -430 - 120. Suppose 4*o - 124 = 4*n, 5 + 4 = -3*n. What is the remainder when l is divided by o?
26
Let c(f) be the third derivative of f**5/30 + f**4/24 - f**3/6 - f**2. Calculate the remainder when c(3) is divided by 22*1*3/6.
9
What is the remainder when 2/4 + (-735)/(-10) is divided by 19?
17
Suppose 2*g - 54 - 24 = 4*q, 2*g - 3*q - 80 = 0. What is the remainder when g is divided by 9?
7
Let f = -19 + 21. Suppose l - 2*l + f = 0. Calculate the remainder when 4 is divided by l.
0
Suppose 7*p - 4 = 10. Suppose -2*k + 0*k = -5*g - 24, -p*k = 2*g - 38. What is the remainder when 324/5 + 1/5 is divided by k?
14
Let f be 5*-2 - (-1 - 1). Let m be (f/(-6))/((-3)/(-9)). Suppose 64 = -l + 6*l + 4*g, -m = -l - 3*g. What is the remainder when l is divided by 6?
4
Suppose i + 3*i - 130 = -x, 4*i - 140 = 4*x. Calculate the remainder when i is divided by 12.
9
Suppose -l + 1 + 2 = 0. Suppose -28 = -2*w + b + 20, b = -l*w + 77. Calculate the remainder when 73 is divided by w.
23
Let t be (-4)/(4/(-2)) - -29. Suppose -2*c = 28 + 12. Let k = c + t. Calculate the remainder when k is divided by 6.
5
Let a = -58 + 28. Let n = -14 - a. What is the remainder when 30 is divided by n?
14
Let k(s) = -s**3 - 7*s**2 - 5*s + 9. Let n be k(-7). Suppose 5*j - n = -14. What is the remainder when 10 is divided by j?
4
Calculate the remainder when 8 is divided by (30/4)/(42/28).
3
Suppose s - 6*s = -295. 